3, 4261
List the prime factors of 305042.
2, 43, 3547
List the prime factors of 178689974.
2, 89344987
List the prime factors of 26777210.
2, 5, 17, 157513
What are the prime factors of 340636308?
2, 3, 31, 67, 79, 173
List the prime factors of 95694881.
23, 127, 181
List the prime factors of 397797421.
7, 919, 61837
List the prime factors of 105940775.
5, 4237631
List the prime factors of 1418512624.
2, 79, 1122241
What are the prime factors of 1003575268?
2, 1429, 175573
List the prime factors of 4983174161.
7, 59, 1381, 8737
List the prime factors of 50537752.
2, 6317219
What are the prime factors of 237620607?
3, 7, 11315267
List the prime factors of 69619127.
167, 416881
What are the prime factors of 268886671?
17, 47, 336529
List the prime factors of 10179193.
19, 41, 73, 179
List the prime factors of 31339526.
2, 15669763
List the prime factors of 3067085510.
2, 5, 43, 73, 199, 491
What are the prime factors of 800507618?
2, 101, 3962909
List the prime factors of 301418577.
3, 3721217
List the prime factors of 1521615528.
2, 3, 37, 211, 2707
What are the prime factors of 49400058?
2, 3, 2531, 3253
What are the prime factors of 27144060?
2, 3, 5, 452401
What are the prime factors of 428711189?
428711189
What are the prime factors of 1811408639?
101, 17934739
List the prime factors of 540957232.
2, 33809827
What are the prime factors of 709527173?
61, 233, 49921
What are the prime factors of 76219925?
5, 17, 19, 9439
What are the prime factors of 3990627594?
2, 3, 73900511
What are the prime factors of 41036334?
2, 3, 17, 29, 13873
What are the prime factors of 12274549?
7, 250501
List the prime factors of 14525126.
2, 7, 11, 257, 367
List the prime factors of 96817078.
2, 137, 229, 1543
List the prime factors of 167869113.
3, 55956371
What are the prime factors of 296251162?
2, 148125581
List the prime factors of 164239265.
5, 89, 369077
List the prime factors of 219893054.
2, 109946527
List the prime factors of 50107293.
3, 1879, 2963
List the prime factors of 74566118.
2, 11, 3389369
What are the prime factors of 592960574?
2, 881, 336527
What are the prime factors of 2300115792?
2, 3, 13, 3686083
What are the prime factors of 13338970?
2, 5, 199, 6703
What are the prime factors of 1351307223?
3, 7, 113, 189817
List the prime factors of 179762017.
157, 1144981
What are the prime factors of 4067931?
3, 7, 27673
What are the prime factors of 87357819?
3, 47, 59, 10501
List the prime factors of 4083330993.
3, 7, 29, 53, 73, 1733
What are the prime factors of 123877607?
7, 17696801
List the prime factors of 161087026.
2, 80543513
List the prime factors of 1073949090.
2, 3, 5, 1163, 30781
List the prime factors of 2282399648.
2, 223, 227, 1409
List the prime factors of 1697901196.
2, 2221, 191119
List the prime factors of 7578640280.
2, 5, 189466007
List the prime factors of 468249607.
7, 66892801
List the prime factors of 85169909.
11, 229, 33811
What are the prime factors of 358876849?
358876849
What are the prime factors of 1658565209?
7, 236937887
List the prime factors of 3008536074.
2, 3, 55713631
List the prime factors of 59516181.
3, 103, 21401
What are the prime factors of 202085712?
2, 3, 37, 47, 269
What are the prime factors of 440960009?
7, 62994287
List the prime factors of 45720164.
2, 7, 31, 52673
List the prime factors of 2750485631.
101, 27232531
What are the prime factors of 556365213?
3, 20606119
What are the prime factors of 3267147?
3, 13, 83773
List the prime factors of 151590436.
2, 19, 97, 20563
What are the prime factors of 270222246?
2, 3, 7, 2144621
List the prime factors of 940202662.
2, 7, 67157333
What are the prime factors of 1420429427?
271, 5241437
What are the prime factors of 32817953?
7, 73, 64223
List the prime factors of 1616167053.
3, 59858039
List the prime factors of 85936587.
3, 11, 2604139
What are the prime factors of 749829573?
3, 4271, 19507
What are the prime factors of 1068420526?
2, 7877, 67819
What are the prime factors of 847957714?
2, 83, 151, 33829
List the prime factors of 178761195.
3, 5, 283, 4679
List the prime factors of 26020289.
43, 605123
What are the prime factors of 191674761?
3, 89, 717883
List the prime factors of 569821348.
2, 29, 4912253
List the prime factors of 1646602989.
3, 548867663
List the prime factors of 123501739.
367, 487, 691
List the prime factors of 2073999568.
2, 19, 347, 19661
What are the prime factors of 1439472434?
2, 23, 97, 322607
What are the prime factors of 1219695255?
3, 5, 857, 31627
What are the prime factors of 1030574722?
2, 43, 11983427
List the prime factors of 65408923.
6857, 9539
List the prime factors of 1627349.
631, 2579
List the prime factors of 686082559.
997, 688147
List the prime factors of 911571547.
257, 3546971
What are the prime factors of 72592994?
2, 36296497
List the prime factors of 1115595222.
2, 3, 7, 19, 1397989
What are the prime factors of 381320307?
3, 2543, 16661
What are the prime factors of 826526818?
2, 13, 31789493
List the prime factors of 1535008655.
5, 431, 712301
List the prime factors of 108627383.
108627383
What are the prime factors of 38788345?
5, 509, 15241
What are the prime factors of 656129705?
5, 7, 11, 17, 5897
List the prime factors of 14574270.
2, 3, 5, 17, 41
List the prime factors of 114646762.
2, 449, 127669
What are the prime factors of 37682858?
2, 3557, 5297
List the prime factors of 64604096.
2, 1009439
What are the prime factors of 7046314494?
2, 3, 1174385749
List the prime factors of 297809711.
101, 2948611
What are the prime factors of 4793957738?
2, 17, 31, 4548347
What are the prime factors of 3794424433?
3794424433
List the prime factors of 65555150.
2, 5, 1311103
What are the prime factors of 4080048633?
3, 453338737
What are the prime factors of 56719011?
3, 3779, 5003
What are the prime factors of 15744817?
11, 1431347
List the prime factors of 164459502.
2, 3, 163, 56053
List the prime factors of 3511934198.
2, 19, 131, 705491
What are the prime factors of 105994292?
2, 26498573
What are the prime factors of 1058271570?
2, 3, 5, 137, 85829
List the prime factors of 175098447.
3, 31, 627593
What are the prime factors of 1234839033?
3, 1987, 23017
What are the prime factors of 8042364?
2, 3, 11, 23, 883
What are the prime factors of 76991992?
2, 7, 11, 124987
List the prime factors of 33624605.
5, 7, 960703
What are the prime factors of 783395504?
2, 48962219
What are the prime factors of 43628327?
2789, 15643
List the prime factors of 1803070225.
5, 11, 2477, 2647
What are the prime factors of 2561801012?
2, 67, 9558959
List the prime factors of 96904426.
2, 677, 71569
What are the prime factors of 1452357531?
3, 161373059
What are the prime factors of 249847743?
3, 83282581
List the prime factors of 1344689662.
2, 4093, 164267
What are the prime factors of 279356?
2, 7, 11, 907
What are the prime factors of 1903141069?
1903141069
What are the prime factors of 102916878?
2, 3, 17, 1008989
What are the prime factors of 328618413?
3, 36513157
List the prime factors of 76534698.
2, 3, 19, 671357
List the prime factors of 57748326.
2, 3, 9624721
List the prime factors of 544221671.
7, 77745953
List the prime factors of 1272728328.
2, 3, 53030347
What are the prime factors of 265975548?
2, 3, 22164629
List the prime factors of 275684723.
275684723
List the prime factors of 40139629.
40139629
What are the prime factors of 1847606303?
19, 5118023
List the prime factors of 23945036.
2, 443, 13513
List the prime factors of 1029616745.
5, 19, 619, 17509
List the prime factors of 201317347.
7, 11, 2614511
List the prime factors of 103423025.
5, 313, 13217
List the prime factors of 20447309.
97, 277, 761
List the prime factors of 763941405.
3, 5, 37, 1376471
List the prime factors of 9738674.
2, 11, 179, 2473
What are the prime factors of 55208819?
71, 777589
What are the prime factors of 55374419?
55374419
List the prime factors of 509860825.
5, 797, 25589
List the prime factors of 647649767.
2711, 238897
List the prime factors of 121119177.
3, 40373059
What are the prime factors of 255478374?
2, 3, 1577027
List the prime factors of 4172649415.
5, 11, 137, 553769
What are the prime factors of 1550182021?
15149, 102329
What are the prime factors of 228830411?
457, 500723
What are the prime 